 Calculate the greatest common factor of t and o.
8
Suppose -193*v = -198*v + 5440. What is the highest common divisor of 17 and v?
17
Let z(p) = p**2 + 6*p + 13. Let d be z(-12). Let o be (-22)/(-10) + (-4)/20. Suppose -34 = -o*g - 0*g. What is the greatest common divisor of d and g?
17
Let s = 46 - -97. Calculate the highest common divisor of s and 22.
11
Let g(r) = r**2 - 10*r + 5. Let w be g(7). Let f = -16 - w. Let n be (1 - (f - -28))*-2. What is the highest common factor of n and 135?
27
Let s be -2*((-42)/4 + 3). Suppose -3*v = -6 - 3. Calculate the greatest common divisor of s and v.
3
Suppose -897 - 611 = -29*i. Calculate the highest common factor of i and 130.
26
Let n(g) be the third derivative of 0 - 5/8*g**4 - 2*g**3 + 0*g - 1/60*g**5 - 2*g**2. Let p be n(-10). What is the greatest common factor of 19 and p?
19
Let u = -252 - -268. What is the highest common divisor of 52 and u?
4
Let h = 370 + -316. What is the highest common factor of 378 and h?
54
Suppose 5*a = 5*u + 2*a - 751, -757 = -5*u + a. Let n = 107 - u. Let b be 6/27 - 395/n. What is the highest common factor of 63 and b?
9
Let h(r) = -r**3 - 4*r**2 + 9*r - 28. Let m be h(-7). Suppose -5*s + 37 - 2 = 0. What is the greatest common divisor of m and s?
7
Let q(c) = c**3 - 15*c**2 - 14*c - 6. Let m be q(16). Let g be (10/(-8) - 899/(-124))*13. What is the highest common divisor of m and g?
26
Let h be (-72)/(-27)*(1 - (-5)/4). What is the highest common divisor of h and 48?
6
Suppose 2*f + k - 6 = 3*f, f + 14 = -k. Let g = f + 24. Calculate the highest common factor of g and 7.
7
Suppose -4*r + u + 438 = -3*r, 0 = 4*r - 2*u - 1750. Calculate the highest common divisor of 19 and r.
19
Let k be 14857/13 + 72/468. What is the greatest common factor of k and 9?
9
Suppose 57 = -3*n - a + 6*a, -a = -4*n - 59. Let d = 23 + n. Calculate the greatest common factor of d and 45.
9
Let j(s) = 3*s + 8. Let i be j(-2). Let r(l) = 5*l - 2. Let y be r(i). Calculate the greatest common divisor of 8 and y.
8
Let f = 683 + -663. What is the greatest common divisor of f and 580?
20
Let k = 152 + -52. Suppose -2*n - c = 4*c - 100, -4*n - 2*c + 168 = 0. Calculate the greatest common factor of k and n.
20
Suppose -2*s = -a + 186, -3*a - 4*s + 888 = 2*a. What is the highest common factor of 4 and a?
4
Suppose -2*g - 5*r = -41, 5*r - 6 = -g + 7. Suppose s + 32 = 2*s. Let b = s + -28. Calculate the highest common divisor of b and g.
4
Let p(l) = -5*l - 21 - 12*l**2 - 4*l - 9*l**2 + 22*l**2. Let v be p(11). What is the greatest common divisor of 5 and v?
1
Let n = 155 - 116. Let z = -18 + 213. What is the greatest common factor of n and z?
39
Let p = -118 - -122. Suppose -4*z + p*q + 68 = 0, q - 75 = -5*z + 4*q. Calculate the greatest common divisor of 84 and z.
12
Let d = -161 + 177. What is the greatest common factor of 4 and d?
4
Let u = 3329 - 2536. Calculate the highest common divisor of u and 61.
61
Suppose 2110 + 3390 = 10*q. Calculate the greatest common divisor of q and 50.
50
Suppose 4*o - 3*h = 27 - 168, -2*o + 4*h = 78. Let n = 49 + o. What is the highest common divisor of n and 8?
8
Suppose -9*v - 463 = -4*n - 8*v, -2*v = -10. Let y be (0/1)/1 - -13. What is the highest common divisor of y and n?
13
Let a(w) = w + 133. Let i be a(0). Let u = -7593 - -7600. Calculate the highest common divisor of u and i.
7
Suppose 0 = -q - 6*p + 9*p + 512, 4*p + 1561 = 3*q. Calculate the greatest common factor of 17 and q.
17
Let u be ((-2)/6 + -1)*-24. Let f = 2 - 0. Let q = 6 + f. What is the highest common factor of q and u?
8
Let o = -123 + 155. Let g = 868 + -580. Calculate the highest common factor of g and o.
32
Let m = -81 + 121. Suppose -7*h + m = -2*h. Suppose -3 = 5*r - h. What is the highest common factor of 4 and r?
1
Suppose 0 = -12*u - 80 - 100. Let x = 23 + u. Let l be (9/(-4))/((-6)/32). What is the greatest common factor of l and x?
4
Let q(s) = 2*s**2 + 2*s - 64. Let w be q(-9). Calculate the highest common divisor of w and 10.
10
Let o = 1378 + -1345. Let z(k) = 3*k + 4. Let s be z(6). Calculate the greatest common factor of o and s.
11
Suppose -5*n = -124 + 119. What is the highest common divisor of 47 and n?
1
Let j be -3*(-1)/(-3) - 34. Let f = 59 + j. Calculate the highest common factor of 8 and f.
8
Let v = 552 + -530. Calculate the greatest common divisor of v and 682.
22
Suppose -27*z + 44 = -29*z. Let w be 10 - (1 - 1) - (z + 18). Calculate the highest common factor of w and 154.
14
Suppose -10*m - 13*m + 2231 = 0. Let q = -85 + m. Calculate the greatest common divisor of q and 18.
6
Suppose 5*l - 4*a + 3*a - 7150 = 0, 0 = a. Suppose -9*t + l = t. Calculate the highest common divisor of 13 and t.
13
Let p(k) = 14*k**2 - 2*k - 8. Let x be p(-5). What is the greatest common factor of x and 8?
8
Let z = -10 + 29. Suppose -2*x = 2*u - 8, -3*x = -2*u - z + 7. What is the highest common factor of 44 and x?
4
Suppose 0 = -d - 4*s + 23, -16*d - 85 = -19*d + 4*s. Calculate the highest common factor of 12 and d.
3
Let p(h) = 5*h**2 + 114*h - 51. Let a be p(-24). What is the greatest common factor of a and 744?
93
Let v be (-7)/(-4) - (-6)/24. Suppose -5*j + 412 = 4*o, -v*o + 5*o - 3*j = 282. Let z = -33 + o. What is the greatest common factor of 26 and z?
13
Suppose q - 6 + 2 = 0, -2*z - 3*q + 94 = 0. Suppose 0 = -5*m + z - 1. Let i be ((-4)/(-6))/((-1)/(-3)). Calculate the greatest common factor of m and i.
2
Let t(l) = -3*l + 132. Let j be t(29). What is the greatest common factor of 75 and j?
15
Let n(k) = -k + 24. Suppose -3*i = -3*r - 37 - 23, 0 = -5*r - 4*i - 64. Let j be n(r). What is the greatest common divisor of j and 5?
5
Let q be 10*2 + (-1 - 0). Suppose -2*s + 4*j = -266, s + 0 - 133 = -4*j. What is the highest common factor of q and s?
19
Let f be 33 - ((-28)/(-7) - 1). What is the greatest common factor of f and 10?
10
Let r(p) = 21*p**2 - 12*p + 24. Let w be r(-4). What is the greatest common factor of 8 and w?
8
Suppose 0*s + 45 = s. Suppose -5*x - u + 10 = 2*u, 3*x = 5*u + 40. Suppose x*w - 76 = 74. What is the greatest common factor of s and w?
15
Suppose 7*w = 5*w + 12. What is the highest common factor of 150 and w?
6
Let n be 636 - 2*(1 + -3). What is the highest common factor of 40 and n?
40
Suppose 126*y - 77 = 119*y. What is the highest common factor of 2 and y?
1
Let d = 334 + -283. Calculate the highest common factor of 17 and d.
17
Let z(s) = 12*s**2. Let p be z(1). Let m be 15/(-2)*(-2)/3. Let x = m + 7. Calculate the greatest common factor of x and p.
12
Let s = -52 - 118. Let y be 2/(-17) + 1680/s. Let m be -33*(-2 - y/6). What is the highest common factor of 88 and m?
11
Let u = 53 - 57. Let h be 812/34 - u/34. Calculate the greatest common divisor of h and 9.
3
Let n be 312/(-5) + 18/45. Let r be n/(-4) + (-1)/(-2). Let c = r + -6. What is the highest common factor of 40 and c?
10
Let h be (1*-6)/(2/(-56)). Let w be h/(-10)*30/(-9). Suppose 4*u - 36 = 20. Calculate the highest common factor of w and u.
14
Let i = 159 - 138. Suppose 0 = -6*h + 27 + i. Calculate the greatest common divisor of h and 8.
8
Let o(b) = -b**3 + 14*b**2 + 20*b - 9. Let r be o(15). Let z = -56 + r. What is the greatest common factor of 110 and z?
10
Let x be 6/36 - 215/(-6). Calculate the greatest common divisor of 1332 and x.
36
Suppose -980 = 5*h - 5*s, 4*h + 893 = -4*s + 85. Let d = h - -406. Calculate the greatest common divisor of d and 23.
23
Let x be (-50)/(-6) - 3/9. Let q = 48 - -20. Suppose -3*o + 2*y = -190, o - 4*y = 2*o - q. What is the highest common divisor of x and o?
8
Suppose -99 - 405 = -36*l. What is the greatest common divisor of 1358 and l?
14
Let l be (-13 - 0)/(0 + -1). Let g = 901 - 797. What is the highest common factor of l and g?
13
Suppose -3*x = 8*p - 5*p - 9, -3*p = 4*x - 8. Suppose -p*h + 132 = 4*n, 5*h - 158 = 4*n - 2*n. What is the greatest common factor of 8 and h?
8
Let x(n) = 4*n**3 + 42*n**2 - 22*n + 12. Let j be x(-10). What is the highest common divisor of j and 27?
27
Suppose -6 - 2 = -2*c. Suppose m = -0 + c. Suppose 3*s - m*s = -65. Calculate the highest common divisor of 13 and s.
13
Let m be ((-30)/(-24))/(2/8 + 0). Suppose 3*f = -4*o + 75 - 0, -3*o - m*f = -70. What is the greatest common factor of 240 and o?
15
Suppose 0 = -3*y